me factors of 238050940.
2, 5, 101, 191, 617
List the prime factors of 55136052.
2, 3, 167, 1019
List the prime factors of 27572282.
2, 71, 281, 691
List the prime factors of 13364705.
5, 347, 7703
What are the prime factors of 6718270649?
6718270649
List the prime factors of 2539555517.
25657, 98981
What are the prime factors of 85695929?
11, 17, 487, 941
List the prime factors of 4216769753.
7, 61, 9875339
List the prime factors of 86508692.
2, 21627173
List the prime factors of 102872324.
2, 25718081
List the prime factors of 3483916546.
2, 11, 61, 2596063
What are the prime factors of 87720681?
3, 449, 65123
List the prime factors of 17913415.
5, 13, 275591
What are the prime factors of 836796824?
2, 2017, 51859
List the prime factors of 86582260.
2, 5, 107, 40459
What are the prime factors of 302403755?
5, 89, 457, 1487
List the prime factors of 448890774.
2, 3, 74815129
List the prime factors of 33145218.
2, 3, 1841401
What are the prime factors of 1187036281?
59, 239, 84181
List the prime factors of 23412893.
7, 17, 181, 1087
What are the prime factors of 373389478?
2, 7, 11, 151, 16057
List the prime factors of 9954823.
9954823
List the prime factors of 190093843.
431, 441053
What are the prime factors of 396480587?
1877, 211231
List the prime factors of 8858705258.
2, 13, 340719433
What are the prime factors of 118140287?
29, 31, 131413
What are the prime factors of 40086720?
2, 3, 5, 31, 449
What are the prime factors of 1187950351?
7, 701, 242093
List the prime factors of 20389062.
2, 3, 3398177
List the prime factors of 23067841.
23067841
List the prime factors of 78959023.
11, 13, 23, 24007
List the prime factors of 45236214.
2, 3, 2513123
List the prime factors of 1214173457.
7, 9413, 18427
List the prime factors of 48594239.
23, 2112793
List the prime factors of 4936470.
2, 3, 5, 7, 11, 2137
What are the prime factors of 946976504?
2, 118372063
What are the prime factors of 44616039?
3, 13, 1144001
What are the prime factors of 134321794?
2, 17, 23, 29, 5923
What are the prime factors of 269815869?
3, 3259, 9199
What are the prime factors of 4344055753?
101, 617, 69709
What are the prime factors of 1226921243?
61, 3181, 6323
What are the prime factors of 3909154952?
2, 488644369
List the prime factors of 46082784.
2, 3, 11, 17, 151
What are the prime factors of 596048548?
2, 47, 809, 3919
List the prime factors of 2466111953.
17, 79, 1836271
What are the prime factors of 2874603?
3, 617, 1553
What are the prime factors of 30237911?
11, 19, 149, 971
What are the prime factors of 35107241?
13, 103, 157, 167
What are the prime factors of 101109463?
7, 13, 149, 7457
What are the prime factors of 207978818?
2, 3583, 29023
List the prime factors of 1767049469.
59, 29949991
List the prime factors of 28922432.
2, 7, 11, 5869
What are the prime factors of 246337894?
2, 11, 2963, 3779
What are the prime factors of 718541704?
2, 383, 234511
What are the prime factors of 2084832710?
2, 5, 37, 293, 19231
What are the prime factors of 44268308?
2, 7, 1581011
What are the prime factors of 156305715?
3, 5, 10420381
What are the prime factors of 489825058?
2, 244912529
What are the prime factors of 421378986?
2, 3, 7, 10032833
What are the prime factors of 64769599?
1999, 32401
What are the prime factors of 97794896?
2, 23, 265747
List the prime factors of 768496260.
2, 3, 5, 7, 1829753
List the prime factors of 3357720815.
5, 671544163
List the prime factors of 1919309056.
2, 7, 41, 151, 173
What are the prime factors of 47736614?
2, 857, 27851
What are the prime factors of 891434624?
2, 643, 10831
List the prime factors of 3596043849.
3, 97, 12357539
What are the prime factors of 139292894?
2, 13, 181, 29599
List the prime factors of 63458842.
2, 521, 60901
List the prime factors of 435978636.
2, 3, 19, 53, 109, 331
List the prime factors of 34639126.
2, 17319563
What are the prime factors of 527992440?
2, 3, 5, 241, 18257
List the prime factors of 71128719.
3, 23, 47, 2437
List the prime factors of 1005332412.
2, 3, 7, 1709749
What are the prime factors of 4572598808?
2, 5813, 98327
List the prime factors of 1656865499.
79, 20972981
What are the prime factors of 382604487?
3, 47, 2713507
List the prime factors of 14322910.
2, 5, 7, 204613
List the prime factors of 3348356959.
67, 4423, 11299
What are the prime factors of 406210876?
2, 101552719
What are the prime factors of 96327992?
2, 12040999
What are the prime factors of 905648212?
2, 7, 61, 163, 3253
What are the prime factors of 4990852564?
2, 31, 229, 175759
What are the prime factors of 1284477567?
3, 428159189
What are the prime factors of 9642294?
2, 3, 178561
List the prime factors of 2127061776.
2, 3, 7, 31, 29173
What are the prime factors of 35022982?
2, 17511491
What are the prime factors of 145878018?
2, 3, 11, 13, 170021
What are the prime factors of 94678804?
2, 11, 2151791
What are the prime factors of 191264337?
3, 11, 175633
What are the prime factors of 10448771?
113, 92467
What are the prime factors of 143559452?
2, 293, 347, 353
List the prime factors of 2218640009.
2218640009
List the prime factors of 45778442.
2, 193, 233, 509
What are the prime factors of 155609306?
2, 23, 607, 5573
What are the prime factors of 312663080?
2, 5, 281, 27817
List the prime factors of 92249011.
79, 1167709
What are the prime factors of 97654868?
2, 17, 1436101
List the prime factors of 121361312.
2, 41, 233, 397
What are the prime factors of 7558419462?
2, 3, 11, 114521507
What are the prime factors of 1463103514?
2, 47, 15564931
List the prime factors of 880661145.
3, 5, 7, 13, 23, 28051
List the prime factors of 807228031.
151, 5345881
List the prime factors of 2449082599.
27919, 87721
What are the prime factors of 1434030530?
2, 5, 193, 349, 2129
List the prime factors of 18510251.
107, 172993
List the prime factors of 91917101.
43, 47, 45481
What are the prime factors of 1198867650?
2, 3, 5, 31, 347, 743
What are the prime factors of 106228399?
1039, 102241
List the prime factors of 61506183.
3, 1657, 12373
List the prime factors of 6536325409.
191, 34221599
List the prime factors of 3828059189.
29, 89, 1483169
List the prime factors of 2259657288.
2, 3, 7, 4483447
What are the prime factors of 2365523?
2365523
List the prime factors of 202999506.
2, 3, 79, 461, 929
What are the prime factors of 1194025622?
2, 597012811
What are the prime factors of 2030168458?
2, 17, 59710837
List the prime factors of 141591733.
43, 1301, 2531
What are the prime factors of 1041612539?
11, 3389, 27941
List the prime factors of 4018471995.
3, 5, 197, 1031, 1319
What are the prime factors of 2543035429?
11, 479, 482641
What are the prime factors of 262877986?
2, 7, 53, 277, 1279
List the prime factors of 118564913.
118564913
List the prime factors of 897846782.
2, 7, 41, 1087, 1439
What are the prime factors of 158911870?
2, 5, 13, 809, 1511
What are the prime factors of 57892878?
2, 3, 43, 74797
List the prime factors of 101931594.
2, 3, 1733, 9803
List the prime factors of 452995672.
2, 23, 797, 3089
What are the prime factors of 3971048?
2, 496381
List the prime factors of 42811491.
3, 17, 839441
List the prime factors of 396727799.
13, 47, 83, 7823
List the prime factors of 158609229.
3, 52869743
List the prime factors of 10496397.
3, 3498799
What are the prime factors of 1329234109?
7, 189890587
What are the prime factors of 933227335?
5, 3163, 59009
What are the prime factors of 2348506820?
2, 5, 11, 17, 627943
List the prime factors of 46089530.
2, 5, 4608953
List the prime factors of 144091532.
2, 13, 2770991
What are the prime factors of 16287793?
61, 137, 1949
What are the prime factors of 284502412?
2, 17, 29, 144271
What are the prime factors of 17919044?
2, 11, 13, 31327
List the prime factors of 45311357.
7, 13, 23, 21649
List the prime factors of 56724331.
56724331
List the prime factors of 354946146.
2, 3, 59157691
List the prime factors of 2135139076.
2, 7, 76254967
List the prime factors of 1124803453.
17, 66164909
List the prime factors of 162928041.
3, 54309347
What are the prime factors of 487505090?
2, 5, 17, 2867677
List the prime factors of 2682451574.
2, 11, 8831, 13807
What are the prime factors of 298215874?
2, 11, 29, 3863
What are the prime factors of 3312082109?
7, 